4). What is the greatest common factor of t and v?
1
Let b(j) = -8*j + 829. Let s be b(53). What is the highest common factor of 75 and s?
15
Let g(a) = -60*a - 3434. Let v be g(-58). What is the greatest common divisor of v and 11845?
23
Suppose -4*y - u + 18 + 160 = 0, y = -4*u + 52. Suppose 5*l - 91 = -3*q, -q - 5*l = 3*q - 113. What is the highest common factor of q and y?
22
Let a(x) = x + 29. Let w = -283 + 270. Let h be a(w). Calculate the greatest common factor of h and 368.
16
Suppose -33*b - 2*j = -28*b - 1815, 3*j - 726 = -2*b. Calculate the highest common factor of b and 792.
33
Let n = 364 + -256. Suppose u = -m + 40, 2*m - 2*u - n = 3*u. What is the greatest common factor of 132 and m?
44
Let j = 84 + -279. Let a = j + 253. Calculate the highest common divisor of 319 and a.
29
Let y = -33 + 159. Suppose 26*g = -160*g + 2604. Calculate the greatest common factor of y and g.
14
Suppose -3*h = -2*h + 3*j - 9, 4*h = -2*j + 16. Suppose h*l = 4*l - 6. What is the highest common divisor of 186 and l?
6
Let j(k) = 2*k**2 + 2*k - 4. Let f be j(-8). Suppose 8*i = 4*i + f. What is the greatest common factor of i and 135?
27
Let s be (2/(-3))/(4/(-336)). Let n(w) = 9*w + 3. Let z be n(21). Suppose 6*c - 276 = -z. What is the greatest common divisor of c and s?
14
Let n be 54 - 6/4*(-6)/9. Let j be 66/15 - 6/(-10). What is the highest common divisor of j and n?
5
Let q(f) = 7*f**2 + 338*f - 117. Let r be q(-53). What is the highest common factor of 168 and r?
24
Suppose 3*r + 2*m = -2*m + 17, 0 = 2*r - 4*m - 18. Suppose 13 = r*t - 1. Suppose -7*k + 234 = t*k. Calculate the highest common divisor of k and 78.
26
Let d be -2 - -26*(-6)/(-12). Calculate the greatest common divisor of 187 and d.
11
Let i(v) = 1815*v**2 - 1. Let f be i(-1). Suppose -3*o = -4*l + 1172 + 290, -5*l - 3*o = -f. What is the highest common divisor of l and 28?
28
Let v(p) = p**3 - 13*p**2 - 28*p - 25. Let d be v(15). Let k = 21 - d. Calculate the greatest common factor of k and 496.
16
Let a(x) = -8*x - 19. Suppose -w = 230 - 231, -4*n + 5*w = 21. Let v be a(n). Let y(l) = -l + 13. Let s be y(0). What is the highest common factor of s and v?
13
Let v be (0/(2 - -2))/(4 + -7). Let d(c) = c + 4. Let u be d(-5). Let x be (24/(-9) - v)/(u/36). What is the highest common factor of x and 6?
6
Suppose -2*q + 3*v + 107 = 4*v, q - 37 = 5*v. Suppose 0 = 374*y - 370*y - 416. Suppose 13*n - q = y. Calculate the greatest common factor of 30 and n.
6
Suppose 0 = -13*g + 2242 + 462. Let k = -51 + 99. Calculate the greatest common factor of k and g.
16
Let w = -3461 + 19811. What is the greatest common factor of 150 and w?
150
Let g be 14/105 + 116/30. Suppose 3*q = -2*k + 567, 386 = 5*k - g*q - 1020. Calculate the highest common divisor of 6 and k.
6
Let l(p) = -17*p**3 + p**2 + p**2 - 1 + 4*p**2 - p - 5*p**2. Let c be l(-1). Let k = -115 + 117. Calculate the greatest common factor of c and k.
2
Let s be (-5188)/(-60)*3 + 3/5. Let m be 2/(-13) + 5/(s/1048). Suppose -4 = 4*a, 0 = j - 2*a + 2 - 8. What is the greatest common factor of j and m?
4
Let v be -7 + (537 - -11) + -8. Calculate the greatest common divisor of 377 and v.
13
Let f(r) = -r**3 - r**2 + 5*r + 8. Suppose d + 28 = -6*d. Let h be f(d). Calculate the greatest common factor of h and 108.
36
Let i = 44 - 39. Let l be 3/i + 6139/35. Suppose -2*v = -l - 40. Calculate the highest common divisor of 270 and v.
54
Let n(l) = -68*l - 2759. Let m be n(-41). Let q be (-811)/(-4) - (-6)/24. Calculate the highest common divisor of q and m.
29
Suppose -4*o = 2*c - 9998, 5*o + 987 = 3*c - 13999. What is the highest common factor of 789 and c?
263
Let t(w) = -2*w**2 + 21*w + 21. Let l be t(11). Suppose -425 = -3*d - 13*m + 55, -3*m = 4*d - 640. What is the highest common factor of d and l?
10
Let o be (999/(-12))/(21/(-112)). Let b = o + -437. What is the greatest common factor of 119 and b?
7
Let c(z) = -7*z**2 - 12*z - 6. Let x be c(-5). Let m = x + 147. What is the highest common divisor of 208 and m?
26
Suppose 4*i - g = -0*g + 2361, -2*g = 10. Let a = 789 - i. What is the highest common divisor of 8 and a?
8
Let k be 4/(-2) - (40 - 14). Let d = k + 32. Suppose r = 2*c - 4*r + 1, 0 = -5*c - 2*r + 70. What is the greatest common factor of d and c?
4
Let a be ((-29295)/(-18) - -7) + (-8)/(-32)*2. Calculate the greatest common factor of a and 10.
5
Let k = -84 + 150. Suppose 11*l - 132 = -0*l. What is the highest common divisor of l and k?
6
Suppose -b + 3 = 11. Let d be b/4*(-17)/2. Let w(x) = 3*x + 37. Let m be w(d). What is the highest common divisor of 8 and m?
8
Let c = 72 + -71. Let z be (c - 39/12)/((-3)/8). Let y(p) = -p + 24. Let a be y(z). What is the greatest common factor of 2 and a?
2
Suppose -l - 5*x = -260, -3*l + 23*x = 26*x - 804. Calculate the highest common divisor of 6075 and l.
135
Let j = 2372 - 1693. Let u = j - 657. Let m(x) = 24*x**3 + 2*x**2 - 2. Let g be m(2). Calculate the highest common factor of u and g.
22
Suppose 2*z - 155 - 7 = 0. Let q = -78 + z. What is the highest common divisor of 6 and q?
3
Let m = 136 - 102. Let i be (-21)/(3/(-1))*-2. Let f = m - i. What is the highest common factor of 12 and f?
12
Suppose 15 = 5*i - 0*o + 2*o, -2*i + 5*o = 23. Let m(j) = 37*j**2 + 2*j + 1. Let h be m(i). Calculate the greatest common divisor of h and 10.
10
Suppose -1520*s + 1503*s + 14689 + 44267 = 0. What is the greatest common divisor of s and 306?
102
Let v = -119439 + 119519. Let t(r) = 16*r. Let z be t(3). Calculate the greatest common factor of z and v.
16
Suppose -23*n + 3742 = -3710. Calculate the greatest common factor of 228 and n.
12
Suppose -75 = -7*j + 51. Suppose -5*t + x = -43, -t + j - 5 = 2*x. Calculate the greatest common divisor of t and 333.
9
Let f = -157 - -159. Suppose f*t = 14*t - 2220. What is the greatest common factor of t and 37?
37
Let w(u) = -463*u - 39. Let r be w(-1). Calculate the highest common divisor of 64 and r.
8
Suppose 2*t + s = 3*t - 89, 5*s - 77 = -t. Let u = t + -24. What is the highest common divisor of 7 and u?
7
Let d be -3 + 1766/6 + (-4)/(-6). Let h = d + -423. Let s = 9 - h. What is the greatest common factor of s and 28?
28
Let b be 1 - (5 - -1) - -7. Let y be 52/(-78) - 350*b/(-6). Calculate the greatest common divisor of 29 and y.
29
Let h be 51*8/12 - 4. Let i be 7/(-2)*h/(-3). Let b(j) = -j**3 - 12*j**2 + 20*j - 7. Let u be b(-14). Calculate the highest common factor of u and i.
35
Suppose -103 + 22 = -s - 5*m, -3*m + 317 = 5*s. Let c = -94 - -178. Let z = c - s. Calculate the highest common divisor of 207 and z.
23
Let g(n) = -93*n**2 + 42*n**2 + 12*n + 37 + 52*n**2. Let f be g(-13). Let m be 81/4 - 1/4. Calculate the highest common factor of m and f.
10
Let v(c) = 70*c**2 + 46*c + 427. Let r be v(-7). What is the greatest common factor of 280 and r?
35
Let b = 1846 - 2. What is the greatest common divisor of 4 and b?
4
Suppose -301*g + 514290 = 94*g. What is the highest common factor of 4 and g?
2
Let x be ((-2)/((-2)/555))/((-11)/(9 - 20)). What is the greatest common divisor of x and 60?
15
Let a be 3*3*(2 + -1). Let r(o) = -o**2 - 11*o + 2. Let u be r(-7). Suppose h = -4*h + u. What is the highest common factor of a and h?
3
Let n(i) = 22*i**2 - 67*i + 3. Let j be n(7). What is the greatest common factor of 238 and j?
34
Let o(d) = -12*d**2 + 1219*d - 116. Let v be o(101). What is the highest common factor of v and 4531?
197
Let m be (371/(-70)*16)/((-12)/30). What is the highest common divisor of 265 and m?
53
Let k = 659 - 650. Let q be (-105)/k*60/(-7). Calculate the highest common divisor of 40 and q.
20
Let c(g) = -g + 2. Let i be c(-3). Let x be 132/5 + i + 4/(-10). Calculate the highest common factor of x and 124.
31
Let n = 21548 + -16833. What is the greatest common divisor of n and 205?
205
Let c(g) = 22*g + 1930. Let a be c(-44). Calculate the greatest common factor of a and 333.
37
Let r be 6*(-3)/42 + 65841/357. What is the greatest common factor of r and 253?
23
Suppose -5*n - 4*w + 175 = -9*w, 2 = -2*w. Let g = 77 + -77. Let k(b) = -3*b**2 - b + 272. Let v be k(g). What is the highest common factor of v and n?
34
Let x(z) = 2*z**2 - 2*z - 1. Let r be x(3). Suppose 19*a - 1206 = 10*a. Let f = 167 - a. Calculate the highest common divi